{"id":160181,"date":"2022-09-02T00:00:00","date_gmt":"2022-09-02T00:00:00","guid":{"rendered":"https:\/\/www.galeriaseltriunfo.com\/wptest\/producto\/candelabro-de-vidrio-plano-2\/"},"modified":"2026-03-31T10:21:24","modified_gmt":"2026-03-31T16:21:24","slug":"candelabro-de-vidrio-plano-2","status":"publish","type":"product","link":"https:\/\/galeriaseltriunfo.com\/dev2\/producto\/candelabro-de-vidrio-plano-2\/","title":{"rendered":"Candelabro de Vidrio &#8216;Crystal Ice&#8217;"},"content":{"rendered":"<h3 data-path-to-node=\"6\"><b data-path-to-node=\"6\" data-index-in-node=\"0\">Luminosidad Et\u00e9rea Y Est\u00e9tica Minimalista En Tu Hogar<\/b><\/h3>\n<p data-path-to-node=\"7\">El <b data-path-to-node=\"7\" data-index-in-node=\"3\">Candelabro de vidrio plano<\/b> en su variante trasl\u00facida es la pieza maestra para quien busca una est\u00e9tica ligera, la pureza de los materiales cristalinos y una presencia visual impecable en su comedor, terraza o mesa de noche. Este objeto ofrece una <b data-path-to-node=\"7\" data-index-in-node=\"250\">sofisticaci\u00f3n lum\u00ednica<\/b> incomparable para complementar decoraciones n\u00f3rdicas, minimalistas o como un acento de claridad en <b data-path-to-node=\"7\" data-index-in-node=\"372\">tu espacio<\/b> de convivencia. Su sola presencia ayuda a elevar la amplitud visual de tu ambientaci\u00f3n de manera inmediata. Lo logra mediante su dise\u00f1o detallado de silueta circular de perfil bajo, presentando una superficie con textura de micro-relieves que difuminan la luz de forma art\u00edstica, lo que evoca la frescura del hielo en la categor\u00eda de <b data-path-to-node=\"7\" data-index-in-node=\"717\"><a target=\"_blank\" href=\"https:\/\/galeriaseltriunfo.com\/categoria\/liquidacion\/\" rel=\"noopener\" class=\"ng-star-inserted\" data-hveid=\"0\" data-ved=\"0CAAQ_4QMahgKEwiirPW8rqyTAxUAAAAAHQAAAAAQ0QE\">Liquidaci\u00f3n<\/a><\/b>.<\/p>\n<p data-path-to-node=\"8\">Tambi\u00e9n transmite una sensaci\u00f3n de orden y lujo cotidiano a trav\u00e9s de su material de vidrio de alta densidad, que captura la esencia de la exclusividad al aportar un toque de autoridad decorativa a cualquier estancia mediante una apariencia que imita la textura del agua congelada. Su apariencia refinada invita a la serenidad mientras disfrutas de una pieza de alto impacto visual y equilibrio entre su transparencia y la solidez de su base con tres puntos de apoyo integrados. Funciona perfectamente en cualquier circunstancia de estilo moderno, r\u00fastico chic o contempor\u00e1neo, actuando como el escenario ideal para resaltar el brillo de una vela sobre un fondo art\u00edstico y funcional. De hecho, este elemento permite que tu zona de estancia resalte con mucha fuerza hoy mismo de forma imponente. Adem\u00e1s, la est\u00e9tica de este <b data-path-to-node=\"8\" data-index-in-node=\"824\">candelabro de vidrio plano<\/b> simboliza la <b data-path-to-node=\"8\" data-index-in-node=\"864\">transparencia<\/b> y el \u00e9xito en la armonizaci\u00f3n de espacios con alma.<\/p>\n<h3 data-path-to-node=\"9\"><b data-path-to-node=\"9\" data-index-in-node=\"0\">Beneficios Visuales Y Calidad De Fabricaci\u00f3n<\/b><\/h3>\n<p data-path-to-node=\"10\">En consecuencia, es la pieza ideal para quien valora la <b data-path-to-node=\"10\" data-index-in-node=\"56\">exclusividad<\/b> y el dise\u00f1o de accesorios decorativos de alta gama con un descuento excepcional. Al observar este soporte con su acabado trasl\u00facido, se experimenta una sensaci\u00f3n de <b data-path-to-node=\"10\" data-index-in-node=\"234\">bienestar y ligereza<\/b> por el \u00e9xito de su propuesta est\u00e9tica. Por lo tanto, usted sentir\u00e1 una atm\u00f3sfera de <b data-path-to-node=\"10\" data-index-in-node=\"339\">renovaci\u00f3n profesional<\/b> en su inventario de accesorios para el hogar. Integrar este elemento ofrece el beneficio de transformar una superficie neutra en un escenario de <b data-path-to-node=\"10\" data-index-in-node=\"507\">lujo visual<\/b> deslumbrante. As\u00ed, usted lograr\u00e1 un toque de <b data-path-to-node=\"10\" data-index-in-node=\"564\">vanguardia funcional<\/b> con mucha facilidad.<\/p>\n<h3 data-path-to-node=\"11\"><b data-path-to-node=\"11\" data-index-in-node=\"0\">Gu\u00eda De Uso Y Cuidado Premium<\/b><\/h3>\n<p data-path-to-node=\"12\">Respecto a su uso, coloque velas arom\u00e1ticas o de colores vibrantes para que el vidrio transparente proyecte destellos din\u00e1micos con total confianza. Primero, limpie la superficie peri\u00f3dicamente utilizando un pa\u00f1o de microfibra y limpiador de cristales neutro para mantener la claridad sin afectar la textura de este <b data-path-to-node=\"12\" data-index-in-node=\"316\">candelabro de vidrio plano<\/b>. Gracias a su fabricaci\u00f3n en vidrio templado con relieve, esta pieza es ideal para el uso decorativo prolongado, manteniendo su transparencia y brillo por m\u00e1s tiempo. Se recomienda evitar el uso de fibras met\u00e1licas para preservar el acabado de la superficie a largo plazo. As\u00ed garantizar\u00e1 una <b data-path-to-node=\"12\" data-index-in-node=\"636\">calidad excepcional<\/b> en la categor\u00eda de <b data-path-to-node=\"12\" data-index-in-node=\"675\"><a target=\"_blank\" href=\"https:\/\/galeriaseltriunfo.com\/categoria\/liquidacion\/\" rel=\"noopener\" class=\"ng-star-inserted\" data-hveid=\"0\" data-ved=\"0CAAQ_4QMahgKEwiirPW8rqyTAxUAAAAAHQAAAAAQ0gE\">Liquidaci\u00f3n<\/a><\/b> que representa la excelencia de nuestra tienda.<\/p>\n","protected":false},"excerpt":{"rendered":"<p>Candelabro de vidrio plano transparente de 20.3&#215;1.8cm<\/p>\n","protected":false},"featured_media":160182,"template":"","meta":[],"product_brand":[],"product_cat":[1129],"product_tag":[10972,13137,567,13141,11899,9917,1013,13140],"class_list":{"0":"post-160181","1":"product","2":"type-product","3":"status-publish","4":"has-post-thumbnail","6":"product_cat-liquidacion","7":"product_tag-accesorios-de-mesa","8":"product_tag-candelabro-de-vidrio","9":"product_tag-candelabros","10":"product_tag-cristal-con-textura","11":"product_tag-decoracion-minimalista","12":"product_tag-galerias-el-triunfo","13":"product_tag-liquidacion","14":"product_tag-portavela-transparente","15":"pa_tonos-transparente","17":"first","18":"instock","19":"sale","20":"purchasable","21":"product-type-simple"},"yoast_head":"<!-- This site is optimized with the Yoast SEO plugin v27.4 - https:\/\/yoast.com\/product\/yoast-seo-wordpress\/ -->\n<title>Candelabro de Vidrio &#039;Crystal Ice&#039; | Galer\u00edas El Triunfo<\/title>\n<meta name=\"description\" content=\"Dale luz y elegancia a tu mesa. Exclusivo candelabro de vidrio transparente plano con textura artesanal en liquidaci\u00f3n para un hogar moderno hoy mismo.\" \/>\n<meta name=\"robots\" content=\"index, follow, max-snippet:-1, max-image-preview:large, max-video-preview:-1\" \/>\n<link rel=\"canonical\" href=\"https:\/\/galeriaseltriunfo.com\/dev2\/producto\/candelabro-de-vidrio-plano-2\/\" \/>\n<meta property=\"og:locale\" content=\"es_MX\" \/>\n<meta property=\"og:type\" content=\"article\" \/>\n<meta property=\"og:title\" content=\"Candelabro de Vidrio &#039;Crystal Ice&#039; | Galer\u00edas El Triunfo\" \/>\n<meta property=\"og:description\" content=\"Dale luz y elegancia a tu mesa. Exclusivo candelabro de vidrio transparente plano con textura artesanal en liquidaci\u00f3n para un hogar moderno hoy mismo.\" \/>\n<meta property=\"og:url\" content=\"https:\/\/galeriaseltriunfo.com\/dev2\/producto\/candelabro-de-vidrio-plano-2\/\" \/>\n<meta property=\"og:site_name\" content=\"Galer\u00edas el Triunfo\" \/>\n<meta property=\"article:publisher\" content=\"https:\/\/www.facebook.com\/galeriaseltriunfo\" \/>\n<meta property=\"article:modified_time\" content=\"2026-03-31T16:21:24+00:00\" \/>\n<meta property=\"og:image\" content=\"https:\/\/galeriaseltriunfo.com\/dev2\/wp-content\/uploads\/2023\/08\/210071607132-Candelabro-de-vidrio-plano-galerias-el-triunfo.jpg\" \/>\n\t<meta property=\"og:image:width\" content=\"1000\" \/>\n\t<meta property=\"og:image:height\" content=\"1000\" \/>\n\t<meta property=\"og:image:type\" content=\"image\/jpeg\" \/>\n<meta name=\"twitter:card\" content=\"summary_large_image\" \/>\n<meta name=\"twitter:site\" content=\"@Gal_El_Triunfo\" \/>\n<meta name=\"twitter:label1\" content=\"Tiempo de lectura\" \/>\n\t<meta name=\"twitter:data1\" content=\"3 minutos\" \/>\n<script type=\"application\/ld+json\" class=\"yoast-schema-graph\">{\"@context\":\"https:\\\/\\\/schema.org\",\"@graph\":[{\"@type\":[\"WebPage\",\"SearchResultsPage\"],\"@id\":\"https:\\\/\\\/galeriaseltriunfo.com\\\/dev2\\\/producto\\\/candelabro-de-vidrio-plano-2\\\/\",\"url\":\"https:\\\/\\\/galeriaseltriunfo.com\\\/dev2\\\/producto\\\/candelabro-de-vidrio-plano-2\\\/\",\"name\":\"Candelabro de Vidrio 'Crystal Ice' | Galer\u00edas El Triunfo\",\"isPartOf\":{\"@id\":\"https:\\\/\\\/galeriaseltriunfo.com\\\/dev2\\\/#website\"},\"primaryImageOfPage\":{\"@id\":\"https:\\\/\\\/galeriaseltriunfo.com\\\/dev2\\\/producto\\\/candelabro-de-vidrio-plano-2\\\/#primaryimage\"},\"image\":{\"@id\":\"https:\\\/\\\/galeriaseltriunfo.com\\\/dev2\\\/producto\\\/candelabro-de-vidrio-plano-2\\\/#primaryimage\"},\"thumbnailUrl\":\"https:\\\/\\\/galeriaseltriunfo.com\\\/dev2\\\/wp-content\\\/uploads\\\/2023\\\/08\\\/210071607132-Candelabro-de-vidrio-plano-galerias-el-triunfo.jpg\",\"datePublished\":\"2022-09-02T00:00:00+00:00\",\"dateModified\":\"2026-03-31T16:21:24+00:00\",\"description\":\"Dale luz y elegancia a tu mesa. Exclusivo candelabro de vidrio transparente plano con textura artesanal en liquidaci\u00f3n para un hogar moderno hoy mismo.\",\"breadcrumb\":{\"@id\":\"https:\\\/\\\/galeriaseltriunfo.com\\\/dev2\\\/producto\\\/candelabro-de-vidrio-plano-2\\\/#breadcrumb\"},\"inLanguage\":\"es\",\"potentialAction\":[{\"@type\":\"ReadAction\",\"target\":[\"https:\\\/\\\/galeriaseltriunfo.com\\\/dev2\\\/producto\\\/candelabro-de-vidrio-plano-2\\\/\"]}]},{\"@type\":\"ImageObject\",\"inLanguage\":\"es\",\"@id\":\"https:\\\/\\\/galeriaseltriunfo.com\\\/dev2\\\/producto\\\/candelabro-de-vidrio-plano-2\\\/#primaryimage\",\"url\":\"https:\\\/\\\/galeriaseltriunfo.com\\\/dev2\\\/wp-content\\\/uploads\\\/2023\\\/08\\\/210071607132-Candelabro-de-vidrio-plano-galerias-el-triunfo.jpg\",\"contentUrl\":\"https:\\\/\\\/galeriaseltriunfo.com\\\/dev2\\\/wp-content\\\/uploads\\\/2023\\\/08\\\/210071607132-Candelabro-de-vidrio-plano-galerias-el-triunfo.jpg\",\"width\":1000,\"height\":1000,\"caption\":\"Candelabro de vidrio plano - Galer\u00edas el Triunfo - 210071607132\"},{\"@type\":\"BreadcrumbList\",\"@id\":\"https:\\\/\\\/galeriaseltriunfo.com\\\/dev2\\\/producto\\\/candelabro-de-vidrio-plano-2\\\/#breadcrumb\",\"itemListElement\":[{\"@type\":\"ListItem\",\"position\":1,\"name\":\"Inicio\",\"item\":\"https:\\\/\\\/galeriaseltriunfo.com\\\/dev2\\\/\"},{\"@type\":\"ListItem\",\"position\":2,\"name\":\"Tienda\",\"item\":\"https:\\\/\\\/galeriaseltriunfo.com\\\/dev2\\\/tienda\\\/\"},{\"@type\":\"ListItem\",\"position\":3,\"name\":\"Candelabro de Vidrio &#8216;Crystal Ice&#8217;\"}]},{\"@type\":\"WebSite\",\"@id\":\"https:\\\/\\\/galeriaseltriunfo.com\\\/dev2\\\/#website\",\"url\":\"https:\\\/\\\/galeriaseltriunfo.com\\\/dev2\\\/\",\"name\":\"Galer\u00edas el Triunfo\",\"description\":\"Galer\u00edas el Triunfo es una de las tiendas online m\u00e1s grandes de accesorios y art\u00edculos de decoraci\u00f3n para el hogar, el jard\u00edn y la oficina. \u00a1Compra ahora!\",\"publisher\":{\"@id\":\"https:\\\/\\\/galeriaseltriunfo.com\\\/dev2\\\/#organization\"},\"potentialAction\":[{\"@type\":\"SearchAction\",\"target\":{\"@type\":\"EntryPoint\",\"urlTemplate\":\"https:\\\/\\\/galeriaseltriunfo.com\\\/dev2\\\/?s={search_term_string}\"},\"query-input\":{\"@type\":\"PropertyValueSpecification\",\"valueRequired\":true,\"valueName\":\"search_term_string\"}}],\"inLanguage\":\"es\"},{\"@type\":\"Organization\",\"@id\":\"https:\\\/\\\/galeriaseltriunfo.com\\\/dev2\\\/#organization\",\"name\":\"Galer\u00edas el Triunfo\",\"url\":\"https:\\\/\\\/galeriaseltriunfo.com\\\/dev2\\\/\",\"logo\":{\"@type\":\"ImageObject\",\"inLanguage\":\"es\",\"@id\":\"https:\\\/\\\/galeriaseltriunfo.com\\\/dev2\\\/#\\\/schema\\\/logo\\\/image\\\/\",\"url\":\"https:\\\/\\\/galeriaseltriunfo.com\\\/wp-content\\\/uploads\\\/2023\\\/08\\\/logotipo-galerias-fondo-2x-min.webp\",\"contentUrl\":\"https:\\\/\\\/galeriaseltriunfo.com\\\/wp-content\\\/uploads\\\/2023\\\/08\\\/logotipo-galerias-fondo-2x-min.webp\",\"width\":184,\"height\":264,\"caption\":\"Galer\u00edas el Triunfo\"},\"image\":{\"@id\":\"https:\\\/\\\/galeriaseltriunfo.com\\\/dev2\\\/#\\\/schema\\\/logo\\\/image\\\/\"},\"sameAs\":[\"https:\\\/\\\/www.facebook.com\\\/galeriaseltriunfo\",\"https:\\\/\\\/x.com\\\/Gal_El_Triunfo\",\"https:\\\/\\\/www.pinterest.com\\\/GaleriaselTriunfo\",\"https:\\\/\\\/instagram.com\\\/galeriaseltriunfomx\",\"https:\\\/\\\/www.youtube.com\\\/channel\\\/UChIaW2ZBBS4Pg8pkw0HuE7g\",\"https:\\\/\\\/www.tiktok.com\\\/@galeriaseltriunfo\"]}]}<\/script>\n<!-- \/ Yoast SEO plugin. -->","yoast_head_json":{"title":"Candelabro de Vidrio 'Crystal Ice' | Galer\u00edas El Triunfo","description":"Dale luz y elegancia a tu mesa. Exclusivo candelabro de vidrio transparente plano con textura artesanal en liquidaci\u00f3n para un hogar moderno hoy mismo.","robots":{"index":"index","follow":"follow","max-snippet":"max-snippet:-1","max-image-preview":"max-image-preview:large","max-video-preview":"max-video-preview:-1"},"canonical":"https:\/\/galeriaseltriunfo.com\/dev2\/producto\/candelabro-de-vidrio-plano-2\/","og_locale":"es_MX","og_type":"article","og_title":"Candelabro de Vidrio 'Crystal Ice' | Galer\u00edas El Triunfo","og_description":"Dale luz y elegancia a tu mesa. Exclusivo candelabro de vidrio transparente plano con textura artesanal en liquidaci\u00f3n para un hogar moderno hoy mismo.","og_url":"https:\/\/galeriaseltriunfo.com\/dev2\/producto\/candelabro-de-vidrio-plano-2\/","og_site_name":"Galer\u00edas el Triunfo","article_publisher":"https:\/\/www.facebook.com\/galeriaseltriunfo","article_modified_time":"2026-03-31T16:21:24+00:00","og_image":[{"width":1000,"height":1000,"url":"https:\/\/galeriaseltriunfo.com\/dev2\/wp-content\/uploads\/2023\/08\/210071607132-Candelabro-de-vidrio-plano-galerias-el-triunfo.jpg","type":"image\/jpeg"}],"twitter_card":"summary_large_image","twitter_site":"@Gal_El_Triunfo","twitter_misc":{"Tiempo de lectura":"3 minutos"},"schema":{"@context":"https:\/\/schema.org","@graph":[{"@type":["WebPage","SearchResultsPage"],"@id":"https:\/\/galeriaseltriunfo.com\/dev2\/producto\/candelabro-de-vidrio-plano-2\/","url":"https:\/\/galeriaseltriunfo.com\/dev2\/producto\/candelabro-de-vidrio-plano-2\/","name":"Candelabro de Vidrio 'Crystal Ice' | Galer\u00edas El Triunfo","isPartOf":{"@id":"https:\/\/galeriaseltriunfo.com\/dev2\/#website"},"primaryImageOfPage":{"@id":"https:\/\/galeriaseltriunfo.com\/dev2\/producto\/candelabro-de-vidrio-plano-2\/#primaryimage"},"image":{"@id":"https:\/\/galeriaseltriunfo.com\/dev2\/producto\/candelabro-de-vidrio-plano-2\/#primaryimage"},"thumbnailUrl":"https:\/\/galeriaseltriunfo.com\/dev2\/wp-content\/uploads\/2023\/08\/210071607132-Candelabro-de-vidrio-plano-galerias-el-triunfo.jpg","datePublished":"2022-09-02T00:00:00+00:00","dateModified":"2026-03-31T16:21:24+00:00","description":"Dale luz y elegancia a tu mesa. Exclusivo candelabro de vidrio transparente plano con textura artesanal en liquidaci\u00f3n para un hogar moderno hoy mismo.","breadcrumb":{"@id":"https:\/\/galeriaseltriunfo.com\/dev2\/producto\/candelabro-de-vidrio-plano-2\/#breadcrumb"},"inLanguage":"es","potentialAction":[{"@type":"ReadAction","target":["https:\/\/galeriaseltriunfo.com\/dev2\/producto\/candelabro-de-vidrio-plano-2\/"]}]},{"@type":"ImageObject","inLanguage":"es","@id":"https:\/\/galeriaseltriunfo.com\/dev2\/producto\/candelabro-de-vidrio-plano-2\/#primaryimage","url":"https:\/\/galeriaseltriunfo.com\/dev2\/wp-content\/uploads\/2023\/08\/210071607132-Candelabro-de-vidrio-plano-galerias-el-triunfo.jpg","contentUrl":"https:\/\/galeriaseltriunfo.com\/dev2\/wp-content\/uploads\/2023\/08\/210071607132-Candelabro-de-vidrio-plano-galerias-el-triunfo.jpg","width":1000,"height":1000,"caption":"Candelabro de vidrio plano - Galer\u00edas el Triunfo - 210071607132"},{"@type":"BreadcrumbList","@id":"https:\/\/galeriaseltriunfo.com\/dev2\/producto\/candelabro-de-vidrio-plano-2\/#breadcrumb","itemListElement":[{"@type":"ListItem","position":1,"name":"Inicio","item":"https:\/\/galeriaseltriunfo.com\/dev2\/"},{"@type":"ListItem","position":2,"name":"Tienda","item":"https:\/\/galeriaseltriunfo.com\/dev2\/tienda\/"},{"@type":"ListItem","position":3,"name":"Candelabro de Vidrio &#8216;Crystal Ice&#8217;"}]},{"@type":"WebSite","@id":"https:\/\/galeriaseltriunfo.com\/dev2\/#website","url":"https:\/\/galeriaseltriunfo.com\/dev2\/","name":"Galer\u00edas el Triunfo","description":"Galer\u00edas el Triunfo es una de las tiendas online m\u00e1s grandes de accesorios y art\u00edculos de decoraci\u00f3n para el hogar, el jard\u00edn y la oficina. \u00a1Compra ahora!","publisher":{"@id":"https:\/\/galeriaseltriunfo.com\/dev2\/#organization"},"potentialAction":[{"@type":"SearchAction","target":{"@type":"EntryPoint","urlTemplate":"https:\/\/galeriaseltriunfo.com\/dev2\/?s={search_term_string}"},"query-input":{"@type":"PropertyValueSpecification","valueRequired":true,"valueName":"search_term_string"}}],"inLanguage":"es"},{"@type":"Organization","@id":"https:\/\/galeriaseltriunfo.com\/dev2\/#organization","name":"Galer\u00edas el Triunfo","url":"https:\/\/galeriaseltriunfo.com\/dev2\/","logo":{"@type":"ImageObject","inLanguage":"es","@id":"https:\/\/galeriaseltriunfo.com\/dev2\/#\/schema\/logo\/image\/","url":"https:\/\/galeriaseltriunfo.com\/wp-content\/uploads\/2023\/08\/logotipo-galerias-fondo-2x-min.webp","contentUrl":"https:\/\/galeriaseltriunfo.com\/wp-content\/uploads\/2023\/08\/logotipo-galerias-fondo-2x-min.webp","width":184,"height":264,"caption":"Galer\u00edas el Triunfo"},"image":{"@id":"https:\/\/galeriaseltriunfo.com\/dev2\/#\/schema\/logo\/image\/"},"sameAs":["https:\/\/www.facebook.com\/galeriaseltriunfo","https:\/\/x.com\/Gal_El_Triunfo","https:\/\/www.pinterest.com\/GaleriaselTriunfo","https:\/\/instagram.com\/galeriaseltriunfomx","https:\/\/www.youtube.com\/channel\/UChIaW2ZBBS4Pg8pkw0HuE7g","https:\/\/www.tiktok.com\/@galeriaseltriunfo"]}]}},"_links":{"self":[{"href":"https:\/\/galeriaseltriunfo.com\/dev2\/wp-json\/wp\/v2\/product\/160181","targetHints":{"allow":["GET"]}}],"collection":[{"href":"https:\/\/galeriaseltriunfo.com\/dev2\/wp-json\/wp\/v2\/product"}],"about":[{"href":"https:\/\/galeriaseltriunfo.com\/dev2\/wp-json\/wp\/v2\/types\/product"}],"wp:featuredmedia":[{"embeddable":true,"href":"https:\/\/galeriaseltriunfo.com\/dev2\/wp-json\/wp\/v2\/media\/160182"}],"wp:attachment":[{"href":"https:\/\/galeriaseltriunfo.com\/dev2\/wp-json\/wp\/v2\/media?parent=160181"}],"wp:term":[{"taxonomy":"product_brand","embeddable":true,"href":"https:\/\/galeriaseltriunfo.com\/dev2\/wp-json\/wp\/v2\/product_brand?post=160181"},{"taxonomy":"product_cat","embeddable":true,"href":"https:\/\/galeriaseltriunfo.com\/dev2\/wp-json\/wp\/v2\/product_cat?post=160181"},{"taxonomy":"product_tag","embeddable":true,"href":"https:\/\/galeriaseltriunfo.com\/dev2\/wp-json\/wp\/v2\/product_tag?post=160181"}],"curies":[{"name":"wp","href":"https:\/\/api.w.org\/{rel}","templated":true}]}}