{"id":486178,"date":"2026-02-06T00:00:00","date_gmt":"2026-02-06T06:00:00","guid":{"rendered":"https:\/\/galeriaseltriunfo.com\/producto\/conejo-parado-de-resina-dorado-de-17-5x24x61cm\/"},"modified":"2026-03-28T10:29:41","modified_gmt":"2026-03-28T16:29:41","slug":"conejo-parado-de-resina-dorado-de-17-5x24x61cm","status":"publish","type":"product","link":"https:\/\/galeriaseltriunfo.com\/dev2\/producto\/conejo-parado-de-resina-dorado-de-17-5x24x61cm\/","title":{"rendered":"Conejo\u00a0Sentado Estilizado Dorado"},"content":{"rendered":"<h3 data-path-to-node=\"5\"><b data-path-to-node=\"5\" data-index-in-node=\"0\">Elegancia Y Brillo En Tu Decoraci\u00f3n<\/b><\/h3>\n<p data-path-to-node=\"6\">El <b data-path-to-node=\"6\" data-index-in-node=\"3\">Conejo Sentado Estilizado Dorado<\/b> es la pieza maestra para quien busca distinci\u00f3n y un estilo audaz. Este objeto es vibrante. Ofrece una <b data-path-to-node=\"6\" data-index-in-node=\"139\">sofisticaci\u00f3n art\u00edstica<\/b> incomparable para cualquier celebraci\u00f3n de temporada en <b data-path-to-node=\"6\" data-index-in-node=\"219\">tu hogar<\/b> o espacio creativo. Su sola presencia ayuda a elevar la ambientaci\u00f3n de tu estancia de manera inmediata. Lo logra mediante su dise\u00f1o de l\u00edneas fluidas y su acabado met\u00e1lico. Por esta raz\u00f3n, la figura del conejo evoca la <strong>elegancia<\/strong> y la fuerza del <strong>lujo<\/strong> decorativo contempor\u00e1neo.<\/p>\n<p data-path-to-node=\"7\">Tambi\u00e9n transmite una vitalidad \u00fanica a trav\u00e9s de su brillo dorado que captura la esencia del sol primaveral. Su apariencia moderna invita a la admiraci\u00f3n constante en cada momento del d\u00eda. Funciona perfectamente en cualquier circunstancia decorativa de alto nivel durante la festividad de Pascua. De hecho, este elemento permite que tu rinc\u00f3n festivo resalte con mucha fuerza hoy mismo de forma imponente. Adem\u00e1s, su est\u00e9tica simboliza la <b data-path-to-node=\"7\" data-index-in-node=\"440\">prosperidad<\/b>. Representa la <b data-path-to-node=\"7\" data-index-in-node=\"467\">vitalidad<\/b> de una decoraci\u00f3n organizada con los m\u00e1s altos est\u00e1ndares.<\/p>\n<h3 data-path-to-node=\"8\"><b data-path-to-node=\"8\" data-index-in-node=\"0\">Beneficios Visuales Y Calidad Premium<\/b><\/h3>\n<p data-path-to-node=\"9\">En consecuencia, es la opci\u00f3n ideal para quien valora la <b data-path-to-node=\"9\" data-index-in-node=\"57\">exclusividad<\/b> y el dise\u00f1o de alta gama para interiores. Al observar esta pieza, se experimenta una sensaci\u00f3n de <b data-path-to-node=\"9\" data-index-in-node=\"168\">felicidad y seguridad<\/b> por el \u00e9xito de su propuesta est\u00e9tica. Por lo tanto, usted sentir\u00e1 una atm\u00f3sfera de <b data-path-to-node=\"9\" data-index-in-node=\"274\">renovaci\u00f3n decorativa<\/b>. Integrar este elemento ofrece el beneficio de transformar un espacio com\u00fan en un escenario de <b data-path-to-node=\"9\" data-index-in-node=\"391\">lujo visual<\/b>. As\u00ed, usted lograr\u00e1 un toque de <b data-path-to-node=\"9\" data-index-in-node=\"435\">creatividad tem\u00e1tica<\/b> con mucha facilidad.<\/p>\n<p data-path-to-node=\"10\">El <b data-path-to-node=\"10\" data-index-in-node=\"3\">Conejo Sentado Estilizado Dorado<\/b> destaca por su alta calidad y su acabado artesanal de primera clase. De igual forma, esta pieza juega con la funcionalidad gracias a su estructura s\u00f3lida y estilizada. Incluye un recubrimiento dorado uniforme que maximiza su realismo visual y su impacto luminoso. Su dise\u00f1o detallado garantiza una <b data-path-to-node=\"10\" data-index-in-node=\"334\">armon\u00eda est\u00e9tica<\/b> perfecta en todo momento hoy mismo. La fabricaci\u00f3n con materiales seleccionados asegura una <b data-path-to-node=\"10\" data-index-in-node=\"443\">durabilidad superior<\/b> para el usuario m\u00e1s exigente. Por lo tanto, el material mantiene su color.<\/p>\n<h3 data-path-to-node=\"11\"><b data-path-to-node=\"11\" data-index-in-node=\"0\">Gu\u00eda De Uso Y Mantenimiento Premium<\/b><\/h3>\n<p data-path-to-node=\"12\">Respecto a su uso, coloque el conejo decorativo sobre una mesa de centro, consola o repisa con total confianza. Busque un lugar donde su dise\u00f1o se pueda lucir desde diferentes \u00e1ngulos en la habitaci\u00f3n. Esto maximiza su impacto visual bajo la iluminaci\u00f3n de tu estancia de forma constante. Primero, limpie la superficie utilizando un plumero o un pa\u00f1o de microfibra seco. H\u00e1galo con mucha delicadeza para evitar cualquier rayadura en el acabado dorado. Retire cualquier residuo de polvo sin afectar el dise\u00f1o art\u00edstico.<\/p>\n<p data-path-to-node=\"13\">De este modo, mantendr\u00e1 la pieza en estado impecable por muchos a\u00f1os de uso decorativo. Como resultado, evitar\u00e1 que la suciedad opaque su belleza intr\u00ednseca y su valor est\u00e9tico profesional. Es fundamental evitar el uso de productos qu\u00edmicos abrasivos o humedad sobre la superficie met\u00e1lica. Por favor, no lo exponga a la luz solar directa prolongada para proteger la integridad del tono oro. Guarde estas figuras con cuidado para mantener su estructura art\u00edstica. As\u00ed garantizar\u00e1 una <b data-path-to-node=\"13\" data-index-in-node=\"484\">calidad excepcional<\/b> en la categor\u00eda de <b data-path-to-node=\"13\" data-index-in-node=\"523\"><a target=\"_blank\" href=\"https:\/\/galeriaseltriunfo.com\/categoria\/pascua\/\" rel=\"noopener\" class=\"ng-star-inserted\" data-hveid=\"0\" data-ved=\"0CAAQ_4QMahgKEwiWoNqG8_ySAxUAAAAAHQAAAAAQsQc\">Pascua<\/a><\/b> que representa la excelencia de nuestra tienda. Este producto refleja el compromiso de <b data-path-to-node=\"13\" data-index-in-node=\"617\">Galer\u00edas El Triunfo<\/b>.<\/p>\n","protected":false},"excerpt":{"rendered":"<p>Elegancia Y Brillo En Tu Decoraci\u00f3n El Conejo Sentado Estilizado  [&#8230;]<\/p>\n","protected":false},"featured_media":486180,"template":"","meta":[],"product_brand":[],"product_cat":[1283],"product_tag":[2969,10841,1551,10196,8517,9917,2918,2581,11345,3205],"class_list":{"0":"post-486178","1":"product","2":"type-product","3":"status-publish","4":"has-post-thumbnail","6":"product_cat-pascua","7":"product_tag-conejo","8":"product_tag-decoracion-del-hogar","9":"product_tag-dorado","10":"product_tag-estilizado","11":"product_tag-figura-decorativa","12":"product_tag-galerias-el-triunfo","13":"product_tag-lujo","14":"product_tag-minimalista","15":"product_tag-oro-antiguo","16":"product_tag-resina","18":"first","19":"outofstock","20":"sale","21":"purchasable","22":"product-type-simple"},"yoast_head":"<!-- This site is optimized with the Yoast SEO plugin v27.4 - https:\/\/yoast.com\/product\/yoast-seo-wordpress\/ -->\n<title>Conejo\u00a0Sentado Estilizado Dorado | Galer\u00edas El Triunfo<\/title>\n<meta name=\"description\" content=\"Eleva tu decoraci\u00f3n de pascua con este conejo sentado estilizado dorado. Una pieza art\u00edstica y minimalista para atraer elegancia y lujo exclusivo.\" \/>\n<meta name=\"robots\" content=\"index, follow, max-snippet:-1, max-image-preview:large, max-video-preview:-1\" \/>\n<link rel=\"canonical\" href=\"https:\/\/galeriaseltriunfo.com\/dev2\/producto\/conejo-parado-de-resina-dorado-de-17-5x24x61cm\/\" \/>\n<meta property=\"og:locale\" content=\"es_MX\" \/>\n<meta property=\"og:type\" content=\"article\" \/>\n<meta property=\"og:title\" content=\"Conejo\u00a0Sentado Estilizado Dorado | Galer\u00edas El Triunfo\" \/>\n<meta property=\"og:description\" content=\"Eleva tu decoraci\u00f3n de pascua con este conejo sentado estilizado dorado. Una pieza art\u00edstica y minimalista para atraer elegancia y lujo exclusivo.\" \/>\n<meta property=\"og:url\" content=\"https:\/\/galeriaseltriunfo.com\/dev2\/producto\/conejo-parado-de-resina-dorado-de-17-5x24x61cm\/\" \/>\n<meta property=\"og:site_name\" content=\"Galer\u00edas el Triunfo\" \/>\n<meta property=\"article:publisher\" content=\"https:\/\/www.facebook.com\/galeriaseltriunfo\" \/>\n<meta property=\"article:modified_time\" content=\"2026-03-28T16:29:41+00:00\" \/>\n<meta property=\"og:image\" content=\"https:\/\/galeriaseltriunfo.com\/dev2\/wp-content\/uploads\/2026\/02\/044072157045.webp\" \/>\n\t<meta property=\"og:image:width\" content=\"900\" \/>\n\t<meta property=\"og:image:height\" content=\"900\" \/>\n\t<meta property=\"og:image:type\" content=\"image\/jpeg\" \/>\n<meta name=\"twitter:card\" content=\"summary_large_image\" \/>\n<meta name=\"twitter:site\" content=\"@Gal_El_Triunfo\" \/>\n<meta name=\"twitter:label1\" content=\"Tiempo de lectura\" \/>\n\t<meta name=\"twitter:data1\" content=\"3 minutos\" \/>\n<script type=\"application\/ld+json\" class=\"yoast-schema-graph\">{\"@context\":\"https:\\\/\\\/schema.org\",\"@graph\":[{\"@type\":[\"WebPage\",\"SearchResultsPage\"],\"@id\":\"https:\\\/\\\/galeriaseltriunfo.com\\\/dev2\\\/producto\\\/conejo-parado-de-resina-dorado-de-17-5x24x61cm\\\/\",\"url\":\"https:\\\/\\\/galeriaseltriunfo.com\\\/dev2\\\/producto\\\/conejo-parado-de-resina-dorado-de-17-5x24x61cm\\\/\",\"name\":\"Conejo\u00a0Sentado Estilizado Dorado | Galer\u00edas El Triunfo\",\"isPartOf\":{\"@id\":\"https:\\\/\\\/galeriaseltriunfo.com\\\/dev2\\\/#website\"},\"primaryImageOfPage\":{\"@id\":\"https:\\\/\\\/galeriaseltriunfo.com\\\/dev2\\\/producto\\\/conejo-parado-de-resina-dorado-de-17-5x24x61cm\\\/#primaryimage\"},\"image\":{\"@id\":\"https:\\\/\\\/galeriaseltriunfo.com\\\/dev2\\\/producto\\\/conejo-parado-de-resina-dorado-de-17-5x24x61cm\\\/#primaryimage\"},\"thumbnailUrl\":\"https:\\\/\\\/galeriaseltriunfo.com\\\/dev2\\\/wp-content\\\/uploads\\\/2026\\\/02\\\/044072157045.webp\",\"datePublished\":\"2026-02-06T06:00:00+00:00\",\"dateModified\":\"2026-03-28T16:29:41+00:00\",\"description\":\"Eleva tu decoraci\u00f3n de pascua con este conejo sentado estilizado dorado. Una pieza art\u00edstica y minimalista para atraer elegancia y lujo exclusivo.\",\"breadcrumb\":{\"@id\":\"https:\\\/\\\/galeriaseltriunfo.com\\\/dev2\\\/producto\\\/conejo-parado-de-resina-dorado-de-17-5x24x61cm\\\/#breadcrumb\"},\"inLanguage\":\"es\",\"potentialAction\":[{\"@type\":\"ReadAction\",\"target\":[\"https:\\\/\\\/galeriaseltriunfo.com\\\/dev2\\\/producto\\\/conejo-parado-de-resina-dorado-de-17-5x24x61cm\\\/\"]}]},{\"@type\":\"ImageObject\",\"inLanguage\":\"es\",\"@id\":\"https:\\\/\\\/galeriaseltriunfo.com\\\/dev2\\\/producto\\\/conejo-parado-de-resina-dorado-de-17-5x24x61cm\\\/#primaryimage\",\"url\":\"https:\\\/\\\/galeriaseltriunfo.com\\\/dev2\\\/wp-content\\\/uploads\\\/2026\\\/02\\\/044072157045.webp\",\"contentUrl\":\"https:\\\/\\\/galeriaseltriunfo.com\\\/dev2\\\/wp-content\\\/uploads\\\/2026\\\/02\\\/044072157045.webp\",\"width\":900,\"height\":900,\"caption\":\"044072157045-galerias el triunfo\"},{\"@type\":\"BreadcrumbList\",\"@id\":\"https:\\\/\\\/galeriaseltriunfo.com\\\/dev2\\\/producto\\\/conejo-parado-de-resina-dorado-de-17-5x24x61cm\\\/#breadcrumb\",\"itemListElement\":[{\"@type\":\"ListItem\",\"position\":1,\"name\":\"Inicio\",\"item\":\"https:\\\/\\\/galeriaseltriunfo.com\\\/dev2\\\/\"},{\"@type\":\"ListItem\",\"position\":2,\"name\":\"Tienda\",\"item\":\"https:\\\/\\\/galeriaseltriunfo.com\\\/dev2\\\/tienda\\\/\"},{\"@type\":\"ListItem\",\"position\":3,\"name\":\"Conejo\u00a0Sentado Estilizado Dorado\"}]},{\"@type\":\"WebSite\",\"@id\":\"https:\\\/\\\/galeriaseltriunfo.com\\\/dev2\\\/#website\",\"url\":\"https:\\\/\\\/galeriaseltriunfo.com\\\/dev2\\\/\",\"name\":\"Galer\u00edas el Triunfo\",\"description\":\"Galer\u00edas el Triunfo es una de las tiendas online m\u00e1s grandes de accesorios y art\u00edculos de decoraci\u00f3n para el hogar, el jard\u00edn y la oficina. \u00a1Compra ahora!\",\"publisher\":{\"@id\":\"https:\\\/\\\/galeriaseltriunfo.com\\\/dev2\\\/#organization\"},\"potentialAction\":[{\"@type\":\"SearchAction\",\"target\":{\"@type\":\"EntryPoint\",\"urlTemplate\":\"https:\\\/\\\/galeriaseltriunfo.com\\\/dev2\\\/?s={search_term_string}\"},\"query-input\":{\"@type\":\"PropertyValueSpecification\",\"valueRequired\":true,\"valueName\":\"search_term_string\"}}],\"inLanguage\":\"es\"},{\"@type\":\"Organization\",\"@id\":\"https:\\\/\\\/galeriaseltriunfo.com\\\/dev2\\\/#organization\",\"name\":\"Galer\u00edas el Triunfo\",\"url\":\"https:\\\/\\\/galeriaseltriunfo.com\\\/dev2\\\/\",\"logo\":{\"@type\":\"ImageObject\",\"inLanguage\":\"es\",\"@id\":\"https:\\\/\\\/galeriaseltriunfo.com\\\/dev2\\\/#\\\/schema\\\/logo\\\/image\\\/\",\"url\":\"https:\\\/\\\/galeriaseltriunfo.com\\\/wp-content\\\/uploads\\\/2023\\\/08\\\/logotipo-galerias-fondo-2x-min.webp\",\"contentUrl\":\"https:\\\/\\\/galeriaseltriunfo.com\\\/wp-content\\\/uploads\\\/2023\\\/08\\\/logotipo-galerias-fondo-2x-min.webp\",\"width\":184,\"height\":264,\"caption\":\"Galer\u00edas el Triunfo\"},\"image\":{\"@id\":\"https:\\\/\\\/galeriaseltriunfo.com\\\/dev2\\\/#\\\/schema\\\/logo\\\/image\\\/\"},\"sameAs\":[\"https:\\\/\\\/www.facebook.com\\\/galeriaseltriunfo\",\"https:\\\/\\\/x.com\\\/Gal_El_Triunfo\",\"https:\\\/\\\/www.pinterest.com\\\/GaleriaselTriunfo\",\"https:\\\/\\\/instagram.com\\\/galeriaseltriunfomx\",\"https:\\\/\\\/www.youtube.com\\\/channel\\\/UChIaW2ZBBS4Pg8pkw0HuE7g\",\"https:\\\/\\\/www.tiktok.com\\\/@galeriaseltriunfo\"]}]}<\/script>\n<!-- \/ Yoast SEO plugin. -->","yoast_head_json":{"title":"Conejo\u00a0Sentado Estilizado Dorado | Galer\u00edas El Triunfo","description":"Eleva tu decoraci\u00f3n de pascua con este conejo sentado estilizado dorado. Una pieza art\u00edstica y minimalista para atraer elegancia y lujo exclusivo.","robots":{"index":"index","follow":"follow","max-snippet":"max-snippet:-1","max-image-preview":"max-image-preview:large","max-video-preview":"max-video-preview:-1"},"canonical":"https:\/\/galeriaseltriunfo.com\/dev2\/producto\/conejo-parado-de-resina-dorado-de-17-5x24x61cm\/","og_locale":"es_MX","og_type":"article","og_title":"Conejo\u00a0Sentado Estilizado Dorado | Galer\u00edas El Triunfo","og_description":"Eleva tu decoraci\u00f3n de pascua con este conejo sentado estilizado dorado. Una pieza art\u00edstica y minimalista para atraer elegancia y lujo exclusivo.","og_url":"https:\/\/galeriaseltriunfo.com\/dev2\/producto\/conejo-parado-de-resina-dorado-de-17-5x24x61cm\/","og_site_name":"Galer\u00edas el Triunfo","article_publisher":"https:\/\/www.facebook.com\/galeriaseltriunfo","article_modified_time":"2026-03-28T16:29:41+00:00","og_image":[{"width":900,"height":900,"url":"https:\/\/galeriaseltriunfo.com\/dev2\/wp-content\/uploads\/2026\/02\/044072157045.webp","type":"image\/jpeg"}],"twitter_card":"summary_large_image","twitter_site":"@Gal_El_Triunfo","twitter_misc":{"Tiempo de lectura":"3 minutos"},"schema":{"@context":"https:\/\/schema.org","@graph":[{"@type":["WebPage","SearchResultsPage"],"@id":"https:\/\/galeriaseltriunfo.com\/dev2\/producto\/conejo-parado-de-resina-dorado-de-17-5x24x61cm\/","url":"https:\/\/galeriaseltriunfo.com\/dev2\/producto\/conejo-parado-de-resina-dorado-de-17-5x24x61cm\/","name":"Conejo\u00a0Sentado Estilizado Dorado | Galer\u00edas El Triunfo","isPartOf":{"@id":"https:\/\/galeriaseltriunfo.com\/dev2\/#website"},"primaryImageOfPage":{"@id":"https:\/\/galeriaseltriunfo.com\/dev2\/producto\/conejo-parado-de-resina-dorado-de-17-5x24x61cm\/#primaryimage"},"image":{"@id":"https:\/\/galeriaseltriunfo.com\/dev2\/producto\/conejo-parado-de-resina-dorado-de-17-5x24x61cm\/#primaryimage"},"thumbnailUrl":"https:\/\/galeriaseltriunfo.com\/dev2\/wp-content\/uploads\/2026\/02\/044072157045.webp","datePublished":"2026-02-06T06:00:00+00:00","dateModified":"2026-03-28T16:29:41+00:00","description":"Eleva tu decoraci\u00f3n de pascua con este conejo sentado estilizado dorado. Una pieza art\u00edstica y minimalista para atraer elegancia y lujo exclusivo.","breadcrumb":{"@id":"https:\/\/galeriaseltriunfo.com\/dev2\/producto\/conejo-parado-de-resina-dorado-de-17-5x24x61cm\/#breadcrumb"},"inLanguage":"es","potentialAction":[{"@type":"ReadAction","target":["https:\/\/galeriaseltriunfo.com\/dev2\/producto\/conejo-parado-de-resina-dorado-de-17-5x24x61cm\/"]}]},{"@type":"ImageObject","inLanguage":"es","@id":"https:\/\/galeriaseltriunfo.com\/dev2\/producto\/conejo-parado-de-resina-dorado-de-17-5x24x61cm\/#primaryimage","url":"https:\/\/galeriaseltriunfo.com\/dev2\/wp-content\/uploads\/2026\/02\/044072157045.webp","contentUrl":"https:\/\/galeriaseltriunfo.com\/dev2\/wp-content\/uploads\/2026\/02\/044072157045.webp","width":900,"height":900,"caption":"044072157045-galerias el triunfo"},{"@type":"BreadcrumbList","@id":"https:\/\/galeriaseltriunfo.com\/dev2\/producto\/conejo-parado-de-resina-dorado-de-17-5x24x61cm\/#breadcrumb","itemListElement":[{"@type":"ListItem","position":1,"name":"Inicio","item":"https:\/\/galeriaseltriunfo.com\/dev2\/"},{"@type":"ListItem","position":2,"name":"Tienda","item":"https:\/\/galeriaseltriunfo.com\/dev2\/tienda\/"},{"@type":"ListItem","position":3,"name":"Conejo\u00a0Sentado Estilizado Dorado"}]},{"@type":"WebSite","@id":"https:\/\/galeriaseltriunfo.com\/dev2\/#website","url":"https:\/\/galeriaseltriunfo.com\/dev2\/","name":"Galer\u00edas el Triunfo","description":"Galer\u00edas el Triunfo es una de las tiendas online m\u00e1s grandes de accesorios y art\u00edculos de decoraci\u00f3n para el hogar, el jard\u00edn y la oficina. \u00a1Compra ahora!","publisher":{"@id":"https:\/\/galeriaseltriunfo.com\/dev2\/#organization"},"potentialAction":[{"@type":"SearchAction","target":{"@type":"EntryPoint","urlTemplate":"https:\/\/galeriaseltriunfo.com\/dev2\/?s={search_term_string}"},"query-input":{"@type":"PropertyValueSpecification","valueRequired":true,"valueName":"search_term_string"}}],"inLanguage":"es"},{"@type":"Organization","@id":"https:\/\/galeriaseltriunfo.com\/dev2\/#organization","name":"Galer\u00edas el Triunfo","url":"https:\/\/galeriaseltriunfo.com\/dev2\/","logo":{"@type":"ImageObject","inLanguage":"es","@id":"https:\/\/galeriaseltriunfo.com\/dev2\/#\/schema\/logo\/image\/","url":"https:\/\/galeriaseltriunfo.com\/wp-content\/uploads\/2023\/08\/logotipo-galerias-fondo-2x-min.webp","contentUrl":"https:\/\/galeriaseltriunfo.com\/wp-content\/uploads\/2023\/08\/logotipo-galerias-fondo-2x-min.webp","width":184,"height":264,"caption":"Galer\u00edas el Triunfo"},"image":{"@id":"https:\/\/galeriaseltriunfo.com\/dev2\/#\/schema\/logo\/image\/"},"sameAs":["https:\/\/www.facebook.com\/galeriaseltriunfo","https:\/\/x.com\/Gal_El_Triunfo","https:\/\/www.pinterest.com\/GaleriaselTriunfo","https:\/\/instagram.com\/galeriaseltriunfomx","https:\/\/www.youtube.com\/channel\/UChIaW2ZBBS4Pg8pkw0HuE7g","https:\/\/www.tiktok.com\/@galeriaseltriunfo"]}]}},"_links":{"self":[{"href":"https:\/\/galeriaseltriunfo.com\/dev2\/wp-json\/wp\/v2\/product\/486178","targetHints":{"allow":["GET"]}}],"collection":[{"href":"https:\/\/galeriaseltriunfo.com\/dev2\/wp-json\/wp\/v2\/product"}],"about":[{"href":"https:\/\/galeriaseltriunfo.com\/dev2\/wp-json\/wp\/v2\/types\/product"}],"wp:featuredmedia":[{"embeddable":true,"href":"https:\/\/galeriaseltriunfo.com\/dev2\/wp-json\/wp\/v2\/media\/486180"}],"wp:attachment":[{"href":"https:\/\/galeriaseltriunfo.com\/dev2\/wp-json\/wp\/v2\/media?parent=486178"}],"wp:term":[{"taxonomy":"product_brand","embeddable":true,"href":"https:\/\/galeriaseltriunfo.com\/dev2\/wp-json\/wp\/v2\/product_brand?post=486178"},{"taxonomy":"product_cat","embeddable":true,"href":"https:\/\/galeriaseltriunfo.com\/dev2\/wp-json\/wp\/v2\/product_cat?post=486178"},{"taxonomy":"product_tag","embeddable":true,"href":"https:\/\/galeriaseltriunfo.com\/dev2\/wp-json\/wp\/v2\/product_tag?post=486178"}],"curies":[{"name":"wp","href":"https:\/\/api.w.org\/{rel}","templated":true}]}}