{"id":489883,"date":"2026-02-26T00:00:00","date_gmt":"2026-02-26T06:00:00","guid":{"rendered":"https:\/\/galeriaseltriunfo.com\/producto\/base-de-3-niveles-de-acrilico-de-39-5x39-5x98cm\/"},"modified":"2026-03-27T10:30:19","modified_gmt":"2026-03-27T16:30:19","slug":"base-de-3-niveles-de-acrilico-de-39-5x39-5x98cm","status":"publish","type":"product","link":"https:\/\/galeriaseltriunfo.com\/dev2\/producto\/base-de-3-niveles-de-acrilico-de-39-5x39-5x98cm\/","title":{"rendered":"Candelabro\u00a0de Cristal\u00a0Estilo Wedding Cake"},"content":{"rendered":"<h3 data-path-to-node=\"7\"><b data-path-to-node=\"7\" data-index-in-node=\"0\">Elegancia Y Resplandor En Tu Gala<\/b><\/h3>\n<p data-path-to-node=\"8\">El <b data-path-to-node=\"8\" data-index-in-node=\"3\">Candelabro De Cristal Estilo Wedding Cake<\/b> es la pieza maestra para quien busca distinci\u00f3n y un estilo audaz. Este objeto es vibrante. Ofrece una <b data-path-to-node=\"8\" data-index-in-node=\"148\">sofisticaci\u00f3n art\u00edstica<\/b> incomparable para cualquier celebraci\u00f3n especial en <b data-path-to-node=\"8\" data-index-in-node=\"224\">tu hogar<\/b> o sal\u00f3n de eventos. Su sola presencia ayuda a elevar la ambientaci\u00f3n de tus banquetes de manera inmediata. Lo logra mediante su dise\u00f1o de cascada que emula un pastel de bodas. Por esta raz\u00f3n, el dise\u00f1o de niveles evoca la elegancia y la fuerza del lujo atemporal.<\/p>\n<p data-path-to-node=\"9\">Tambi\u00e9n transmite una vitalidad \u00fanica a trav\u00e9s de su cuerpo transparente que captura la luz de todo el sal\u00f3n. Su textura cristalina invita a la admiraci\u00f3n constante en cada momento del servicio. Funciona perfectamente en cualquier circunstancia gastron\u00f3mica de gala. De hecho, este elemento permite que tu mesa principal resalte con mucha fuerza hoy mismo de forma imponente. Adem\u00e1s, su est\u00e9tica simboliza la <b data-path-to-node=\"9\" data-index-in-node=\"409\">prosperidad<\/b>. Representa la <b data-path-to-node=\"9\" data-index-in-node=\"436\">vitalidad<\/b> de un evento organizado con los m\u00e1s altos est\u00e1ndares de calidad.<\/p>\n<h3 data-path-to-node=\"10\"><b data-path-to-node=\"10\" data-index-in-node=\"0\">Beneficios Visuales Y Calidad Gourmet<\/b><\/h3>\n<p data-path-to-node=\"11\">En consecuencia, es la opci\u00f3n ideal para quien valora la <b data-path-to-node=\"11\" data-index-in-node=\"57\">exclusividad<\/b> y el dise\u00f1o de alta gama para reuniones. Al observar esta pieza, se experimenta una sensaci\u00f3n de <b data-path-to-node=\"11\" data-index-in-node=\"167\">felicidad y seguridad<\/b> por el \u00e9xito de su banquete. Por lo tanto, usted sentir\u00e1 una atm\u00f3sfera de <b data-path-to-node=\"11\" data-index-in-node=\"263\">renovaci\u00f3n est\u00e9tica<\/b>. Integrar este elemento ofrece el beneficio de transformar un servicio de mesa en un escenario de <b data-path-to-node=\"11\" data-index-in-node=\"381\">lujo visual<\/b>. As\u00ed, usted lograr\u00e1 un toque de <b data-path-to-node=\"11\" data-index-in-node=\"425\">creatividad decorativa<\/b> con mucha facilidad.<\/p>\n<p data-path-to-node=\"12\">El <b data-path-to-node=\"12\" data-index-in-node=\"3\">Candelabro De Cristal Estilo Wedding Cake<\/b> destaca por su alta capacidad t\u00e9cnica y su acabado artesanal de primera clase. De igual forma, esta pieza juega con la funcionalidad gracias a sus m\u00faltiples niveles de cristales colgantes. Incluye una base reforzada para mayor estabilidad. Su dise\u00f1o detallado garantiza una <b data-path-to-node=\"12\" data-index-in-node=\"319\">armon\u00eda est\u00e9tica<\/b> perfecta en todo momento hoy mismo. La fabricaci\u00f3n con materiales seleccionados asegura una <b data-path-to-node=\"12\" data-index-in-node=\"428\">durabilidad superior<\/b> para el usuario m\u00e1s exigente. Por lo tanto, el material mantiene su transparencia.<\/p>\n<h3 data-path-to-node=\"13\"><b data-path-to-node=\"13\" data-index-in-node=\"0\">Gu\u00eda De Uso Y Mantenimiento Premium<\/b><\/h3>\n<p data-path-to-node=\"14\">Respecto a su uso, coloque el candelabro sobre una mesa o superficie firme con total confianza y seguridad. Busque un lugar donde su dise\u00f1o se pueda lucir desde diferentes \u00e1ngulos. Esto maximiza su impacto visual bajo la iluminaci\u00f3n del recinto de forma constante. Primero, limpie la superficie utilizando un pa\u00f1o de microfibra suave. H\u00e1galo con mucha delicadeza para evitar cualquier huella o mancha. Retire cualquier residuo de cera sin afectar el acabado brillante de la pieza.<\/p>\n<p data-path-to-node=\"15\">De este modo, mantendr\u00e1 el brillo del cristal en estado impecable por muchos a\u00f1os. Como resultado, evitar\u00e1 que la suciedad opaque su belleza intr\u00ednseca y su valor profesional. Es fundamental evitar el uso de productos qu\u00edmicos abrasivos o solventes fuertes. Por favor, no utilice fibras r\u00edgidas que puedan rayar la superficie del dise\u00f1o. Guarde este equipo con cuidado para mantener su estructura operativa. As\u00ed garantizar\u00e1 una <b data-path-to-node=\"15\" data-index-in-node=\"428\">calidad excepcional<\/b> en la categor\u00eda de <b data-path-to-node=\"15\" data-index-in-node=\"467\"><a target=\"_blank\" href=\"https:\/\/galeriaseltriunfo.com\/categoria\/horeca\/eventos-2\/\" rel=\"noopener\" class=\"ng-star-inserted\" data-hveid=\"0\" data-ved=\"0CAAQ_4QMahgKEwjK1Jfg2fySAxUAAAAAHQAAAAAQ3wE\">Eventos<\/a><\/b> que representa la excelencia de nuestra tienda. Este producto refleja el compromiso de <b data-path-to-node=\"15\" data-index-in-node=\"562\">Galer\u00edas El Triunfo<\/b>.<\/p>\n<p><strong><br \/>\nBase de 3 niveles de acr\u00edlico<\/strong><\/p>\n","protected":false},"excerpt":{"rendered":"<p>Elegancia Y Resplandor En Tu Gala El Candelabro De Cristal  [&#8230;]<\/p>\n","protected":false},"featured_media":489885,"template":"","meta":[],"product_brand":[],"product_cat":[76,4809],"product_tag":[8319,12020,7038,12021,12025,12027,12023,4725,6763,9917,10090,12024,12026,12022],"class_list":{"0":"post-489883","1":"product","2":"type-product","3":"status-publish","4":"has-post-thumbnail","6":"product_cat-candelabros","7":"product_cat-eventos-2","8":"product_tag-boda","9":"product_tag-candelabro-de-lujo","10":"product_tag-centro-de-mesa","11":"product_tag-cristal-transparente","12":"product_tag-diseno-de-tres-niveles","13":"product_tag-elegancia-vanguardista","14":"product_tag-estilo-escalonado","15":"product_tag-eventos","16":"product_tag-gala","17":"product_tag-galerias-el-triunfo","18":"product_tag-iluminacion-de-gala","19":"product_tag-prismas-rectangulares","20":"product_tag-recepcion","21":"product_tag-wedding-cake","23":"first","24":"instock","25":"sale","26":"purchasable","27":"product-type-simple"},"yoast_head":"<!-- This site is optimized with the Yoast SEO plugin v27.4 - https:\/\/yoast.com\/product\/yoast-seo-wordpress\/ -->\n<title>Candelabro\u00a0de Cristal\u00a0Estilo Wedding Cake | Galer\u00edas El Triunfo<\/title>\n<meta name=\"description\" content=\"Eleva tus banquetes con este candelabro estilo wedding cake. Una pieza profesional y elegante, para atraer un estilo exclusivo en cualquier evento.\" \/>\n<meta name=\"robots\" content=\"index, follow, max-snippet:-1, max-image-preview:large, max-video-preview:-1\" \/>\n<link rel=\"canonical\" href=\"https:\/\/galeriaseltriunfo.com\/dev2\/producto\/base-de-3-niveles-de-acrilico-de-39-5x39-5x98cm\/\" \/>\n<meta property=\"og:locale\" content=\"es_MX\" \/>\n<meta property=\"og:type\" content=\"article\" \/>\n<meta property=\"og:title\" content=\"Candelabro\u00a0de Cristal\u00a0Estilo Wedding Cake | Galer\u00edas El Triunfo\" \/>\n<meta property=\"og:description\" content=\"Eleva tus banquetes con este candelabro estilo wedding cake. Una pieza profesional y elegante, para atraer un estilo exclusivo en cualquier evento.\" \/>\n<meta property=\"og:url\" content=\"https:\/\/galeriaseltriunfo.com\/dev2\/producto\/base-de-3-niveles-de-acrilico-de-39-5x39-5x98cm\/\" \/>\n<meta property=\"og:site_name\" content=\"Galer\u00edas el Triunfo\" \/>\n<meta property=\"article:publisher\" content=\"https:\/\/www.facebook.com\/galeriaseltriunfo\" \/>\n<meta property=\"article:modified_time\" content=\"2026-03-27T16:30:19+00:00\" \/>\n<meta property=\"og:image\" content=\"https:\/\/galeriaseltriunfo.com\/dev2\/wp-content\/uploads\/2026\/02\/304001736401.webp\" \/>\n\t<meta property=\"og:image:width\" content=\"500\" \/>\n\t<meta property=\"og:image:height\" content=\"1060\" \/>\n\t<meta property=\"og:image:type\" content=\"image\/jpeg\" \/>\n<meta name=\"twitter:card\" content=\"summary_large_image\" \/>\n<meta name=\"twitter:site\" content=\"@Gal_El_Triunfo\" \/>\n<meta name=\"twitter:label1\" content=\"Tiempo de lectura\" \/>\n\t<meta name=\"twitter:data1\" content=\"3 minutos\" \/>\n<script type=\"application\/ld+json\" class=\"yoast-schema-graph\">{\"@context\":\"https:\\\/\\\/schema.org\",\"@graph\":[{\"@type\":[\"WebPage\",\"SearchResultsPage\"],\"@id\":\"https:\\\/\\\/galeriaseltriunfo.com\\\/dev2\\\/producto\\\/base-de-3-niveles-de-acrilico-de-39-5x39-5x98cm\\\/\",\"url\":\"https:\\\/\\\/galeriaseltriunfo.com\\\/dev2\\\/producto\\\/base-de-3-niveles-de-acrilico-de-39-5x39-5x98cm\\\/\",\"name\":\"Candelabro\u00a0de Cristal\u00a0Estilo Wedding Cake | Galer\u00edas El Triunfo\",\"isPartOf\":{\"@id\":\"https:\\\/\\\/galeriaseltriunfo.com\\\/dev2\\\/#website\"},\"primaryImageOfPage\":{\"@id\":\"https:\\\/\\\/galeriaseltriunfo.com\\\/dev2\\\/producto\\\/base-de-3-niveles-de-acrilico-de-39-5x39-5x98cm\\\/#primaryimage\"},\"image\":{\"@id\":\"https:\\\/\\\/galeriaseltriunfo.com\\\/dev2\\\/producto\\\/base-de-3-niveles-de-acrilico-de-39-5x39-5x98cm\\\/#primaryimage\"},\"thumbnailUrl\":\"https:\\\/\\\/galeriaseltriunfo.com\\\/dev2\\\/wp-content\\\/uploads\\\/2026\\\/02\\\/304001736401.webp\",\"datePublished\":\"2026-02-26T06:00:00+00:00\",\"dateModified\":\"2026-03-27T16:30:19+00:00\",\"description\":\"Eleva tus banquetes con este candelabro estilo wedding cake. Una pieza profesional y elegante, para atraer un estilo exclusivo en cualquier evento.\",\"breadcrumb\":{\"@id\":\"https:\\\/\\\/galeriaseltriunfo.com\\\/dev2\\\/producto\\\/base-de-3-niveles-de-acrilico-de-39-5x39-5x98cm\\\/#breadcrumb\"},\"inLanguage\":\"es\",\"potentialAction\":[{\"@type\":\"ReadAction\",\"target\":[\"https:\\\/\\\/galeriaseltriunfo.com\\\/dev2\\\/producto\\\/base-de-3-niveles-de-acrilico-de-39-5x39-5x98cm\\\/\"]}]},{\"@type\":\"ImageObject\",\"inLanguage\":\"es\",\"@id\":\"https:\\\/\\\/galeriaseltriunfo.com\\\/dev2\\\/producto\\\/base-de-3-niveles-de-acrilico-de-39-5x39-5x98cm\\\/#primaryimage\",\"url\":\"https:\\\/\\\/galeriaseltriunfo.com\\\/dev2\\\/wp-content\\\/uploads\\\/2026\\\/02\\\/304001736401.webp\",\"contentUrl\":\"https:\\\/\\\/galeriaseltriunfo.com\\\/dev2\\\/wp-content\\\/uploads\\\/2026\\\/02\\\/304001736401.webp\",\"width\":500,\"height\":1060,\"caption\":\"304001736401-galerias el triunfo\"},{\"@type\":\"BreadcrumbList\",\"@id\":\"https:\\\/\\\/galeriaseltriunfo.com\\\/dev2\\\/producto\\\/base-de-3-niveles-de-acrilico-de-39-5x39-5x98cm\\\/#breadcrumb\",\"itemListElement\":[{\"@type\":\"ListItem\",\"position\":1,\"name\":\"Inicio\",\"item\":\"https:\\\/\\\/galeriaseltriunfo.com\\\/dev2\\\/\"},{\"@type\":\"ListItem\",\"position\":2,\"name\":\"Tienda\",\"item\":\"https:\\\/\\\/galeriaseltriunfo.com\\\/dev2\\\/tienda\\\/\"},{\"@type\":\"ListItem\",\"position\":3,\"name\":\"Candelabro\u00a0de Cristal\u00a0Estilo Wedding Cake\"}]},{\"@type\":\"WebSite\",\"@id\":\"https:\\\/\\\/galeriaseltriunfo.com\\\/dev2\\\/#website\",\"url\":\"https:\\\/\\\/galeriaseltriunfo.com\\\/dev2\\\/\",\"name\":\"Galer\u00edas el Triunfo\",\"description\":\"Galer\u00edas el Triunfo es una de las tiendas online m\u00e1s grandes de accesorios y art\u00edculos de decoraci\u00f3n para el hogar, el jard\u00edn y la oficina. \u00a1Compra ahora!\",\"publisher\":{\"@id\":\"https:\\\/\\\/galeriaseltriunfo.com\\\/dev2\\\/#organization\"},\"potentialAction\":[{\"@type\":\"SearchAction\",\"target\":{\"@type\":\"EntryPoint\",\"urlTemplate\":\"https:\\\/\\\/galeriaseltriunfo.com\\\/dev2\\\/?s={search_term_string}\"},\"query-input\":{\"@type\":\"PropertyValueSpecification\",\"valueRequired\":true,\"valueName\":\"search_term_string\"}}],\"inLanguage\":\"es\"},{\"@type\":\"Organization\",\"@id\":\"https:\\\/\\\/galeriaseltriunfo.com\\\/dev2\\\/#organization\",\"name\":\"Galer\u00edas el Triunfo\",\"url\":\"https:\\\/\\\/galeriaseltriunfo.com\\\/dev2\\\/\",\"logo\":{\"@type\":\"ImageObject\",\"inLanguage\":\"es\",\"@id\":\"https:\\\/\\\/galeriaseltriunfo.com\\\/dev2\\\/#\\\/schema\\\/logo\\\/image\\\/\",\"url\":\"https:\\\/\\\/galeriaseltriunfo.com\\\/wp-content\\\/uploads\\\/2023\\\/08\\\/logotipo-galerias-fondo-2x-min.webp\",\"contentUrl\":\"https:\\\/\\\/galeriaseltriunfo.com\\\/wp-content\\\/uploads\\\/2023\\\/08\\\/logotipo-galerias-fondo-2x-min.webp\",\"width\":184,\"height\":264,\"caption\":\"Galer\u00edas el Triunfo\"},\"image\":{\"@id\":\"https:\\\/\\\/galeriaseltriunfo.com\\\/dev2\\\/#\\\/schema\\\/logo\\\/image\\\/\"},\"sameAs\":[\"https:\\\/\\\/www.facebook.com\\\/galeriaseltriunfo\",\"https:\\\/\\\/x.com\\\/Gal_El_Triunfo\",\"https:\\\/\\\/www.pinterest.com\\\/GaleriaselTriunfo\",\"https:\\\/\\\/instagram.com\\\/galeriaseltriunfomx\",\"https:\\\/\\\/www.youtube.com\\\/channel\\\/UChIaW2ZBBS4Pg8pkw0HuE7g\",\"https:\\\/\\\/www.tiktok.com\\\/@galeriaseltriunfo\"]}]}<\/script>\n<!-- \/ Yoast SEO plugin. -->","yoast_head_json":{"title":"Candelabro\u00a0de Cristal\u00a0Estilo Wedding Cake | Galer\u00edas El Triunfo","description":"Eleva tus banquetes con este candelabro estilo wedding cake. Una pieza profesional y elegante, para atraer un estilo exclusivo en cualquier evento.","robots":{"index":"index","follow":"follow","max-snippet":"max-snippet:-1","max-image-preview":"max-image-preview:large","max-video-preview":"max-video-preview:-1"},"canonical":"https:\/\/galeriaseltriunfo.com\/dev2\/producto\/base-de-3-niveles-de-acrilico-de-39-5x39-5x98cm\/","og_locale":"es_MX","og_type":"article","og_title":"Candelabro\u00a0de Cristal\u00a0Estilo Wedding Cake | Galer\u00edas El Triunfo","og_description":"Eleva tus banquetes con este candelabro estilo wedding cake. Una pieza profesional y elegante, para atraer un estilo exclusivo en cualquier evento.","og_url":"https:\/\/galeriaseltriunfo.com\/dev2\/producto\/base-de-3-niveles-de-acrilico-de-39-5x39-5x98cm\/","og_site_name":"Galer\u00edas el Triunfo","article_publisher":"https:\/\/www.facebook.com\/galeriaseltriunfo","article_modified_time":"2026-03-27T16:30:19+00:00","og_image":[{"width":500,"height":1060,"url":"https:\/\/galeriaseltriunfo.com\/dev2\/wp-content\/uploads\/2026\/02\/304001736401.webp","type":"image\/jpeg"}],"twitter_card":"summary_large_image","twitter_site":"@Gal_El_Triunfo","twitter_misc":{"Tiempo de lectura":"3 minutos"},"schema":{"@context":"https:\/\/schema.org","@graph":[{"@type":["WebPage","SearchResultsPage"],"@id":"https:\/\/galeriaseltriunfo.com\/dev2\/producto\/base-de-3-niveles-de-acrilico-de-39-5x39-5x98cm\/","url":"https:\/\/galeriaseltriunfo.com\/dev2\/producto\/base-de-3-niveles-de-acrilico-de-39-5x39-5x98cm\/","name":"Candelabro\u00a0de Cristal\u00a0Estilo Wedding Cake | Galer\u00edas El Triunfo","isPartOf":{"@id":"https:\/\/galeriaseltriunfo.com\/dev2\/#website"},"primaryImageOfPage":{"@id":"https:\/\/galeriaseltriunfo.com\/dev2\/producto\/base-de-3-niveles-de-acrilico-de-39-5x39-5x98cm\/#primaryimage"},"image":{"@id":"https:\/\/galeriaseltriunfo.com\/dev2\/producto\/base-de-3-niveles-de-acrilico-de-39-5x39-5x98cm\/#primaryimage"},"thumbnailUrl":"https:\/\/galeriaseltriunfo.com\/dev2\/wp-content\/uploads\/2026\/02\/304001736401.webp","datePublished":"2026-02-26T06:00:00+00:00","dateModified":"2026-03-27T16:30:19+00:00","description":"Eleva tus banquetes con este candelabro estilo wedding cake. Una pieza profesional y elegante, para atraer un estilo exclusivo en cualquier evento.","breadcrumb":{"@id":"https:\/\/galeriaseltriunfo.com\/dev2\/producto\/base-de-3-niveles-de-acrilico-de-39-5x39-5x98cm\/#breadcrumb"},"inLanguage":"es","potentialAction":[{"@type":"ReadAction","target":["https:\/\/galeriaseltriunfo.com\/dev2\/producto\/base-de-3-niveles-de-acrilico-de-39-5x39-5x98cm\/"]}]},{"@type":"ImageObject","inLanguage":"es","@id":"https:\/\/galeriaseltriunfo.com\/dev2\/producto\/base-de-3-niveles-de-acrilico-de-39-5x39-5x98cm\/#primaryimage","url":"https:\/\/galeriaseltriunfo.com\/dev2\/wp-content\/uploads\/2026\/02\/304001736401.webp","contentUrl":"https:\/\/galeriaseltriunfo.com\/dev2\/wp-content\/uploads\/2026\/02\/304001736401.webp","width":500,"height":1060,"caption":"304001736401-galerias el triunfo"},{"@type":"BreadcrumbList","@id":"https:\/\/galeriaseltriunfo.com\/dev2\/producto\/base-de-3-niveles-de-acrilico-de-39-5x39-5x98cm\/#breadcrumb","itemListElement":[{"@type":"ListItem","position":1,"name":"Inicio","item":"https:\/\/galeriaseltriunfo.com\/dev2\/"},{"@type":"ListItem","position":2,"name":"Tienda","item":"https:\/\/galeriaseltriunfo.com\/dev2\/tienda\/"},{"@type":"ListItem","position":3,"name":"Candelabro\u00a0de Cristal\u00a0Estilo Wedding Cake"}]},{"@type":"WebSite","@id":"https:\/\/galeriaseltriunfo.com\/dev2\/#website","url":"https:\/\/galeriaseltriunfo.com\/dev2\/","name":"Galer\u00edas el Triunfo","description":"Galer\u00edas el Triunfo es una de las tiendas online m\u00e1s grandes de accesorios y art\u00edculos de decoraci\u00f3n para el hogar, el jard\u00edn y la oficina. \u00a1Compra ahora!","publisher":{"@id":"https:\/\/galeriaseltriunfo.com\/dev2\/#organization"},"potentialAction":[{"@type":"SearchAction","target":{"@type":"EntryPoint","urlTemplate":"https:\/\/galeriaseltriunfo.com\/dev2\/?s={search_term_string}"},"query-input":{"@type":"PropertyValueSpecification","valueRequired":true,"valueName":"search_term_string"}}],"inLanguage":"es"},{"@type":"Organization","@id":"https:\/\/galeriaseltriunfo.com\/dev2\/#organization","name":"Galer\u00edas el Triunfo","url":"https:\/\/galeriaseltriunfo.com\/dev2\/","logo":{"@type":"ImageObject","inLanguage":"es","@id":"https:\/\/galeriaseltriunfo.com\/dev2\/#\/schema\/logo\/image\/","url":"https:\/\/galeriaseltriunfo.com\/wp-content\/uploads\/2023\/08\/logotipo-galerias-fondo-2x-min.webp","contentUrl":"https:\/\/galeriaseltriunfo.com\/wp-content\/uploads\/2023\/08\/logotipo-galerias-fondo-2x-min.webp","width":184,"height":264,"caption":"Galer\u00edas el Triunfo"},"image":{"@id":"https:\/\/galeriaseltriunfo.com\/dev2\/#\/schema\/logo\/image\/"},"sameAs":["https:\/\/www.facebook.com\/galeriaseltriunfo","https:\/\/x.com\/Gal_El_Triunfo","https:\/\/www.pinterest.com\/GaleriaselTriunfo","https:\/\/instagram.com\/galeriaseltriunfomx","https:\/\/www.youtube.com\/channel\/UChIaW2ZBBS4Pg8pkw0HuE7g","https:\/\/www.tiktok.com\/@galeriaseltriunfo"]}]}},"_links":{"self":[{"href":"https:\/\/galeriaseltriunfo.com\/dev2\/wp-json\/wp\/v2\/product\/489883","targetHints":{"allow":["GET"]}}],"collection":[{"href":"https:\/\/galeriaseltriunfo.com\/dev2\/wp-json\/wp\/v2\/product"}],"about":[{"href":"https:\/\/galeriaseltriunfo.com\/dev2\/wp-json\/wp\/v2\/types\/product"}],"wp:featuredmedia":[{"embeddable":true,"href":"https:\/\/galeriaseltriunfo.com\/dev2\/wp-json\/wp\/v2\/media\/489885"}],"wp:attachment":[{"href":"https:\/\/galeriaseltriunfo.com\/dev2\/wp-json\/wp\/v2\/media?parent=489883"}],"wp:term":[{"taxonomy":"product_brand","embeddable":true,"href":"https:\/\/galeriaseltriunfo.com\/dev2\/wp-json\/wp\/v2\/product_brand?post=489883"},{"taxonomy":"product_cat","embeddable":true,"href":"https:\/\/galeriaseltriunfo.com\/dev2\/wp-json\/wp\/v2\/product_cat?post=489883"},{"taxonomy":"product_tag","embeddable":true,"href":"https:\/\/galeriaseltriunfo.com\/dev2\/wp-json\/wp\/v2\/product_tag?post=489883"}],"curies":[{"name":"wp","href":"https:\/\/api.w.org\/{rel}","templated":true}]}}